{"id":285,"date":"2020-05-11T02:23:05","date_gmt":"2020-05-10T23:23:05","guid":{"rendered":"http:\/\/www.dspvn.ro\/?page_id=285"},"modified":"2025-05-30T11:33:15","modified_gmt":"2025-05-30T09:33:15","slug":"responsabil-legea-544","status":"publish","type":"page","link":"https:\/\/www.dspvn.ro\/index.php\/informatii-publice\/responsabil-legea-544\/","title":{"rendered":"Responsabil Legea 544"},"content":{"rendered":"\n<p class=\"has-black-color has-text-color has-link-color wp-elements-4cc33b800d6f6fd4c735f0c790aa6123\"><mark style=\"background-color:rgba(0, 0, 0, 0)\" class=\"has-inline-color has-very-dark-gray-color\">Responsabil cu aplicarea Legii 544\/2001 este <\/mark>d-na consilier Alina Simona Toroc<\/p>\n\n\n\n<p class=\"has-black-color has-text-color has-link-color wp-elements-d3706c0dee7141a7a821d41ca58d2abf\"><mark style=\"background-color:rgba(0, 0, 0, 0)\" class=\"has-inline-color has-very-dark-gray-color\">e-mail:  <\/mark>alina.toroc@dspvn.ro<\/p>\n\n\n\n<p class=\"has-black-color has-text-color has-link-color wp-elements-7f25382bad44dffcecca07de529fcd13\"><mark style=\"background-color:rgba(0, 0, 0, 0)\" class=\"has-inline-color has-very-dark-gray-color\">Tel. 0237.225979<\/mark> int.306<\/p>\n\n\n\n<div class=\"wp-block-file\"><a id=\"wp-block-file--media-29c2c35e-865c-4dce-b65b-374396800433\" href=\"https:\/\/www.dspvn.ro\/wp-content\/uploads\/2025\/05\/Raport-anual-acces-info-pub-DSP-Vn-2024.pdf\"><strong>Raport anual privind accesul la informatii publice al DSP Vrancea pe anul 2024<\/strong><\/a><a href=\"https:\/\/www.dspvn.ro\/wp-content\/uploads\/2025\/05\/Raport-anual-acces-info-pub-DSP-Vn-2024.pdf\" class=\"wp-block-file__button wp-element-button\" download aria-describedby=\"wp-block-file--media-29c2c35e-865c-4dce-b65b-374396800433\">Descarc\u0103<\/a><\/div>\n\n\n\n<div class=\"wp-block-file\"><a id=\"wp-block-file--media-609aad85-a726-4d23-a21b-af7e56013567\" href=\"https:\/\/www.dspvn.ro\/wp-content\/uploads\/2025\/05\/PO-acces-info-pub.pdf\"><strong>Procedura opera\u021bional\u0103 privind liberul acces la informa\u021bii publice<\/strong><\/a><a href=\"https:\/\/www.dspvn.ro\/wp-content\/uploads\/2025\/05\/PO-acces-info-pub.pdf\" class=\"wp-block-file__button wp-element-button\" download aria-describedby=\"wp-block-file--media-609aad85-a726-4d23-a21b-af7e56013567\">Descarc\u0103<\/a><\/div>\n\n\n\n<p class=\"has-black-color has-text-color has-link-color wp-elements-d07cf521ef4ce52c28dcf1709d89f20f\"><strong><em>Lista informa\u0163iilor de interes public comunicate din oficiu, potrivit art. 5 din Legea nr. 544\/2001 privind liberul acces la informa\u0163iile de interes public, modificat\u0103 \u015fi completat\u0103<\/em><\/strong><\/p>\n\n\n\n<ol class=\"wp-block-list\">\n<li>Actele normative care reglementeaz\u0103 organizarea \u015fi func\u0163ionarea Directiei de S\u0103n\u0103tate Public\u0103 Vrancea;<\/li>\n\n\n\n<li>Structura organizatoric\u0103, atribu\u0163iile compartimentelor;<\/li>\n\n\n\n<li>Numele \u015fi prenumele persoanelor din conducerea Directiei de S\u0103n\u0103tate Public\u0103 Vrancea;<\/li>\n\n\n\n<li>Programul de functionare al Directiei de Sanatate Public\u0103 Vrancea precum si programul de acordare a audientelor;<\/li>\n\n\n\n<li>Coordonatele de contact ale Directiei de Sanatate Public\u0103 Vrancea, respectiv: denumirea, sediile, numerele de telefon, fax, adresa de e-mail \u015fi adresa paginii de internet;<\/li>\n\n\n\n<li>Sursele financiare, bugetul de venituri si cheltuieli;<\/li>\n\n\n\n<li>Documentele de interes public;<\/li>\n\n\n\n<li>Informatii de interes general din punct de vedere al sanatatii publice pentru o buna informare a cetateanului;<\/li>\n\n\n\n<li>Datele de contact ale unitatilor sanitare din subordine;<\/li>\n\n\n\n<li>Lista contractelor de achizitii publice ale institutiei;<br>11.Raportul de activitate al autorit\u0103\u0163ii;<\/li>\n\n\n\n<li>Politici si strategii privind sanatatea populatiei in Romania;<\/li>\n\n\n\n<li>Proiectele de acte normative aflate in dezbatere publica conform Legii nr.52\/2003 privind transparenta decizionala in administratia publica.<\/li>\n<\/ol>\n\n\n\n<p class=\"has-black-color has-text-color has-link-color wp-elements-2fc84fb6a9162a57c1ea9a4d95afe83b\"><strong><em>Lista informa\u0163iilor de interes public comunicate la cerere, potrivit art. 6 din Legea nr. 544\/2001 privind liberul acces la informa\u0163iile de interes public, modificat\u0103 \u015fi completat\u0103<\/em><\/strong><\/p>\n\n\n\n<ol class=\"wp-block-list\">\n<li>Comunicate de pres\u0103;<\/li>\n\n\n\n<li>Drept la replic\u0103;<\/li>\n\n\n\n<li>Materiale informative (bro\u015furi) editate de Directia de Sanatate Publica;<\/li>\n\n\n\n<li>Indicatori privind activitatea desf\u0103\u015furat\u0103 de Directia de Sanatate Publica Vrancea, precum: num\u0103rul total al autoriza\u0163iilor, num\u0103rul total al ac\u0163iunilor de control, num\u0103rul total al sesiz\u0103rilor, cererilor \u015fi pl\u00e2ngerilor \u00eenregistrate, num\u0103rul total al avizelor \u015fi recomand\u0103rilor, num\u0103rul total al sanc\u0163iunilor aplicate, \u00een condi\u0163iile legii;<\/li>\n\n\n\n<li>Denumirea actelor normative \u015fi, dup\u0103 caz, con\u0163inutul acestora, care stau la baza \u00eentocmirii proceselor-verbale de constatare.<\/li>\n<\/ol>\n\n\n\n<p class=\"has-black-color has-text-color has-link-color wp-elements-5cb8070fdd17d81ed32c8733eb11c2a3\"><strong><em>Lista informa\u0163iilor exceptate de la comunicare, pentru respectarea principiului confiden\u0163ialit\u0103\u0163ii<\/em><\/strong><\/p><div id=\"dspvn-672056089\" class=\"dspvn-continut dspvn-entity-placement\" style=\"margin-bottom: 10px;margin-left: auto;margin-right: auto;text-align: center;\"><a href=\"https:\/\/www.fiipregatit.ro\/\" target=\"_blank\" aria-label=\"www.fiipregatit.ro\"><img src=\"https:\/\/www.dspvn.ro\/wp-content\/uploads\/2023\/07\/fiipreg.jpg\" alt=\"www.fiipregatit.ro\"  srcset=\"https:\/\/www.dspvn.ro\/wp-content\/uploads\/2023\/07\/fiipreg.jpg 946w, https:\/\/www.dspvn.ro\/wp-content\/uploads\/2023\/07\/fiipreg-300x25.jpg 300w, https:\/\/www.dspvn.ro\/wp-content\/uploads\/2023\/07\/fiipreg-150x12.jpg 150w, https:\/\/www.dspvn.ro\/wp-content\/uploads\/2023\/07\/fiipreg-768x63.jpg 768w, https:\/\/www.dspvn.ro\/wp-content\/uploads\/2023\/07\/fiipreg-600x49.jpg 600w\" sizes=\"(max-width: 946px) 100vw, 946px\" class=\"no-lazyload\" width=\"800\" height=\"78\"  style=\"display: inline-block;\" \/><\/a><\/div>\n\n\n\n<ol class=\"wp-block-list\">\n<li>Rapoartele de control administrativ;<\/li>\n\n\n\n<li>Notele de serviciu cu caracter intern;<\/li>\n\n\n\n<li>Sesiz\u0103rile \u015fi documentele privind cercetarea disciplinar\u0103;<\/li>\n\n\n\n<li>Numerele de telefon ale angaja\u0163ilor din cadrul autorit\u0103\u0163ii, precum \u015fi informa\u0163iile privind activit\u0103\u0163ile extraprofesionale ale acestora;<\/li>\n\n\n\n<li>Sesiz\u0103rile, cererile \u015fi pl\u00e2ngerile persoanelor vizate, ale operatorilor de date cu caracter personal, precum \u015fi ale altor persoane interesate;<\/li>\n\n\n\n<li>Registrul general de intrare-ie\u015fire a coresponden\u0163ei;<\/li>\n\n\n\n<li>Registrul pentru \u00eenregistrarea cererilor \u015fi r\u0103spunsurilor privind accesul lainforma\u0163iile de interes public;<\/li>\n\n\n\n<li>Registrul de eviden\u0163\u0103 a transferurilor \u00een str\u0103in\u0103tate a datelor cu caracter personal;<\/li>\n\n\n\n<li>Registrul de dosare (cereri, pl\u00e2ngeri sau sesiz\u0103ri);<\/li>\n\n\n\n<li>Registrul de eviden\u0163\u0103 a deciziilor, avizelor \u015fi recomand\u0103rilor emise de conducerea DSP Vrancea;<\/li>\n\n\n\n<li>Registrul de acte emise de conducerea DSP Vrancea \u00een exercitarea atribu\u0163iilor legate de activitatea intern\u0103 a institu\u0163iei;<\/li>\n\n\n\n<li>Registrul special de coresponden\u0163\u0103 secret\u0103 \u015fi confiden\u0163ial\u0103;<\/li>\n\n\n\n<li>Registrul de arhiv\u0103;<\/li>\n\n\n\n<li>Registrul de inventariere a bunurilor;<\/li>\n\n\n\n<li>Coresponden\u0163a cu institu\u0163iile publice interne \u015fi interna\u0163ionale;<\/li>\n\n\n\n<li>Dosarele privind litigiile \u00een care institu\u0163ia este implicat\u0103 \u015fi numele persoanelor care sus\u0163in interesele DSP Vrancea \u00een aceste litigii;<\/li>\n\n\n\n<li>Procesele-verbale de constatare;<\/li>\n\n\n\n<li>Rapoartele \u00eentocmite ca urmare a ac\u0163iunilor de control;<\/li>\n\n\n\n<li>Notele de audiere;<\/li>\n\n\n\n<li>Coresponden\u0163a cu agen\u0163ii economici, operatorii de date cu caracter personal \u015fi persoanele vizate;<\/li>\n\n\n\n<li>Documentele a c\u0103ror comunicare public\u0103 poate afecta dreptul la via\u0163\u0103 intim\u0103, familial\u0103 \u015fi privat\u0103 sau care pot influen\u0163a dosarele aflate pe rolul instan\u0163elor de judecat\u0103;<\/li>\n\n\n\n<li>Decizii cu caracter intern emise de c\u0103tre conducerea DSP Vrancea;<\/li>\n\n\n\n<li>Dispozi\u0163ii interne emise de conduc\u0103torii structurilor func\u0163ionale din cadrul DSP Vrancea;<\/li>\n\n\n\n<li>Statele de salarii;<\/li>\n\n\n\n<li>Planific\u0103rile anuale \u015fi trimestriale ale controalelor.<\/li>\n\n\n\n<li>Registrul Unic al Cabinetelor Medicale<\/li>\n<\/ol>\n","protected":false},"excerpt":{"rendered":"<p>Responsabil cu aplicarea Legii 544\/2001 este d-na consilier Alina Simona Toroc e-mail: alina.toroc@dspvn.ro Tel. 0237.225979 int.306 Lista informa\u0163iilor de interes public comunicate din oficiu, potrivit art. 5 din Legea nr. 544\/2001 privind liberul acces la informa\u0163iile de interes public, modificat\u0103 \u015fi completat\u0103 Lista informa\u0163iilor de interes public comunicate la cerere, potrivit art. 6 din Legea [&hellip;]<\/p>\n","protected":false},"author":1,"featured_media":0,"parent":125,"menu_order":0,"comment_status":"closed","ping_status":"closed","template":"","meta":{"_regular_price":[],"currency_symbol":[],"_lmt_disableupdate":"no","_lmt_disable":"","footnotes":""},"class_list":["post-285","page","type-page","status-publish","hentry"],"post_slider_layout_featured_media_urls":{"thumbnail":"","post_slider_layout_landscape_large":"","post_slider_layout_portrait_large":"","post_slider_layout_square_large":"","post_slider_layout_landscape":"","post_slider_layout_portrait":"","post_slider_layout_square":"","full":""},"_links":{"self":[{"href":"https:\/\/www.dspvn.ro\/index.php\/wp-json\/wp\/v2\/pages\/285","targetHints":{"allow":["GET"]}}],"collection":[{"href":"https:\/\/www.dspvn.ro\/index.php\/wp-json\/wp\/v2\/pages"}],"about":[{"href":"https:\/\/www.dspvn.ro\/index.php\/wp-json\/wp\/v2\/types\/page"}],"author":[{"embeddable":true,"href":"https:\/\/www.dspvn.ro\/index.php\/wp-json\/wp\/v2\/users\/1"}],"replies":[{"embeddable":true,"href":"https:\/\/www.dspvn.ro\/index.php\/wp-json\/wp\/v2\/comments?post=285"}],"version-history":[{"count":13,"href":"https:\/\/www.dspvn.ro\/index.php\/wp-json\/wp\/v2\/pages\/285\/revisions"}],"predecessor-version":[{"id":6557,"href":"https:\/\/www.dspvn.ro\/index.php\/wp-json\/wp\/v2\/pages\/285\/revisions\/6557"}],"up":[{"embeddable":true,"href":"https:\/\/www.dspvn.ro\/index.php\/wp-json\/wp\/v2\/pages\/125"}],"wp:attachment":[{"href":"https:\/\/www.dspvn.ro\/index.php\/wp-json\/wp\/v2\/media?parent=285"}],"curies":[{"name":"wp","href":"https:\/\/api.w.org\/{rel}","templated":true}]}}